 139 + -13?
133
Evaluate -105 - -404 - 92 - 113.
94
Evaluate -64 - (-4 - (6 - 14 - 3) - -1).
-72
What is the value of -6 - (481 + -422 + (-8 - (0 + 3)))?
-54
Calculate -18 + (41 + -70 - -78).
31
-12 - -12 - (-71 + 34 - (-8 + 1 + 1))
31
What is 111 + -48 + (-3 - 1 - (-23 - 1))?
83
Calculate (751 - 897) + -4 + 14.
-136
What is the value of (1 - 71) + -33 + 24 + -13 + 5?
-87
Evaluate 105 + -115 + -39 + 143.
94
Calculate (-107 - (-19 - 27)) + -3.
-64
What is -28 + -13 + -54 + (0 - -13)?
-82
(16 - -1) + (-33 - (-21 + -15))
20
8 + -8 - ((-4 - (1 + -5)) + 2 - 37)
35
Evaluate -58 + 0 - -1 - (14 - (40 + 18 + -38)).
-51
Calculate 1 + (-9 - -21 - (44 - (-7 - 12))).
-50
Evaluate 0 + (2 + -4 + 9 - (16 + -31)).
22
Calculate 34 + (-54 - (-42 + -11)).
33
Evaluate 12 + (-12 - 1) + (-31 - (-22 - 20)).
10
(-2809 - -2814 - (0 - (-1 + 2))) + 15
21
Evaluate 6 + -2 - (12 - (-30 + 42)) - (43 - 1).
-38
What is the value of -35 + (25 - (-7 + 16)) + (67 - -11)?
59
Calculate -1 + -2 - (13 + -61) - (23 + (17 - 38)).
43
Evaluate 4 - (8 + -13 - 1 - (4 - -70)).
84
What is -2506 + 2588 - (-20 - (1 + 0 + -1))?
102
Calculate (50 - -2) + -39 - -10.
23
Calculate 95 - (161 + -19 + -53).
6
Evaluate (1 + 28 - 32 - (-1 - (17 + 1))) + -3.
13
(-12 - (13 - 8 - 12) - -91) + (-6 - 0)
80
What is the value of -72 + 82 - (1 - -2) - (-7 - 6)?
20
-5 - (43 + (9 - 6) + -18)
-33
2 - -6 - (88 + -7 + 18 + -10) - -7
-74
What is -1 - -16 - (-58 + -2 + (45 - 31))?
61
Evaluate -96 + 94 - ((66 - 78) + 1 + (0 - 1)).
10
Calculate 37 - (39 + -22) - (16 + 2) - (-2 - 124).
128
What is -42 + (4 + 21 - (11 + -10 + 11))?
-29
Evaluate 67 + (-28 - (57 + -37)) + (2 - 123).
-102
What is the value of -17 + (-11 - (17 + -28)) - -47?
30
What is (-94 - 0) + (143 - 275 - -90)?
-136
Evaluate 16 + 39 + (20 - (10 - (-20 - -2))).
47
What is (3 + -22 - (-51 - -48)) + -41?
-57
Evaluate 37 + (-1 - 30) + 18 + -13.
11
(123 - 117) + (-30 - 5) + 116
87
What is 22 - ((-2 + 1 - (3 - 0)) + -157 + 165)?
18
Evaluate -1 - (51 + -53 - 32).
33
Evaluate -28 - ((19 - 64) + -15).
32
What is (17 - 6 - 20) + -14 + 44?
21
What is the value of -35 - (-1 + -1 + 10 - (8 + 3))?
-32
Evaluate -86 + 133 + -51 + -20.
-24
Evaluate -97 - (-155 + 21 + 61).
-24
0 + 5 + -6 + -9 + 26
16
18 + -44 + 11 + 12 + (-8 + 1 - 0)
-10
-2 + -99 + (34 - 48) + 10 + 18
-87
Evaluate -60 - -25 - (-210 + 153).
22
What is the value of 0 - (9 - ((-19 - -37) + -32 + -1 + -47))?
-71
-22 + (-2 - -14) + -26 + 33
-3
Calculate (80 - (-94 - -166)) + (53 - 2 - 0) - 7.
52
What is -8 + (3 - -4) + -7 + (-31 - -76)?
37
What is the value of 4 + -9 + 1788 + -1744?
39
Evaluate 112 + (-91 - -40) + -64.
-3
Calculate 11 + -12 + 9 + -7 - -7 - -6.
14
Evaluate (-247 - (93 - 124)) + 107.
-109
What is 28 + (-18 - (55 + -24))?
-21
What is the value of -2 + 2 - (-16 - -2) - (-6 + 20 + -5)?
5
(112 + -28 - 24) + -36 + -17
7
Calculate (7 - (3 + 18) - -15) + -79.
-78
What is the value of (-1 - 53) + 3052 + -3000?
-2
Calculate 36 + 38 + -44 - 22 - (-1 + 137).
-128
-2 + 45 + -25 - (-1 + (0 - -22))
-3
Calculate 22 - (-156 + 82 + 110 - (18 - 1)).
3
What is (41 + -58 - (10 + -36 + 7)) + -57?
-55
Calculate -1 + 97 - (-1442 - -1631).
-93
21 - -2 - 1 - 50
-28
Evaluate 5080 + -5159 + 1 + 81.
3
What is (14 - -2) + (40 + -127 + 97 - (1 - 13))?
38
Evaluate (15 - (11 + (-6 - (-2 - 10 - -11)))) + 113.
122
What is (-1 - -14 - 2) + (27 - (-31 - (-14 - -8)))?
63
What is -16 + (-71 - -71 - ((10 - -3) + -5))?
-24
(-17 - (-19 + 0)) + (0 - -5 - 13)
-6
Evaluate 556 + -558 - (1 - 17) - -28.
42
Evaluate 4 + (0 + 2 - (67 - 49)) + -8.
-20
Calculate -13 + -7 + 25 + -25.
-20
What is -5 + (-76 - (-4 + 4)) + (-9 - (21 - 34))?
-77
(-6 - 1) + (-46 - -67)
14
What is -24 + 14 + -35 + 21 + -4 + 5?
-23
What is -33 + -78 + 198 + -62?
25
What is the value of 302 - 363 - (19 - (4 + (7 - 11)))?
-80
What is the value of -15 - 10 - (-30 + -22 + 47)?
-20
What is the value of -38 - (-72 - -32) - (-4 - 67)?
73
What is -14 + 23 + -18 + 80 + -68?
3
Evaluate 1 + -6 + 58 + -89 + 43 + -3.
4
Calculate -82 - -13 - ((-8 - -13) + 6 - (4 - 6)).
-82
Calculate -15 + (40 - (25 - 31)).
31
Calculate 28 + (135 + -119 - (27 - 3)).
20
Calculate 156 - 151 - (15 + -2) - (3 - 17) - 77.
-71
Evaluate (-48 - (-35 + -12)) + -43.
-44
4184 + -4151 + (3 - 0) + -112
-76
Evaluate 7 - (10 - 10) - ((-3 - 1) + 44 - -5).
-38
-27 - (-27 + -34 + 25) - -33
42
What is the value of (47 - (-12 + -2 - 1 - 0)) + -16?
46
Evaluate (-9 - (-11 + -12)) + -9 + -11 + 7.
1
What is the value of -11 + 54 + -162 + 196?
77
48 + -82 - (6 - (-5 - -17))
-28
Calculate -5 + -53 - (-2090 - -1968).
64
What is the value of 21 - (-21 + 52 + -80)?
70
Evaluate 0 + 14 - -31 - 62.
-17
2 + -37 + 33 + -13 + -27 - 5
-47
4 - (88 - 52 - (-6 + -6 + 17 + -4))
-31
Calculate 57 + -32 + 13 - 2.
36
What is -127 + 127 + -6 + 6 + -7 - 22?
-29
Calculate -26 + (8 + 1 - 3 - (-10 + 7) - 8).
-25
What is 57 + 8 + 11 + -17 - (81 - 96)?
74
What is the value of -3 - (76 + -39) - (-4 + -2 + 5 - 4)?
-35
What is the value of (1 - 30) + (-227 - -238) + (-2 - 23)?
-43
Calculate (7 - (-5 + 4 + 7) - -9) + (1 - -2).
13
Evaluate (-3 - 11) + 34 + 10 + 0.
30
Evaluate -8622 + 8690 - (13 - (0 + (3 - 2))).
56
Calculate (5 - 36) + (-13 - -55) + -1.
10
Evaluate (3 - (-8 + 13)) + -2 + (48 - 49).
-5
(49 - (1 + 19 + -9)) + (-73 - -77)
42
Calculate 2 + 7 + -4 + 31 + (-8 - -8) + -14.
22
Evaluate -30 + -16 + 5 + -1 + 24.
-18
What is 124 - (-151 + 225 - (27 - 2))?
75
Calculate -71 - 2 - (-164 + 134).
-43
What is the value of 2135 - 2213 - (2 - 132)?
52
What is -3 + (22 - -49) - 10?
58
What is 44 - (6 + -19 - ((-16 - -4) + 1 + 5))?
51
What is the value of (-24 - (-21 + -23) - -39) + (-5 - -1) + 5?
60
What is the value of -1 - 6 - (-20 + 129 - 122) - 127?
-121
Calculate (0 - -40) + (-15 - -47) - 12.
60
What is (17 - 6 - -7) + 12 + 8 + -8?
30
-54 + 11 + 6 + -23 + 18
-42
Evaluate 10 - 58 - (136 - 197).
13
Evaluate (3 - 2 - 0) + (-543 - -586).
44
Evaluate (23 - (-23 + 35)) + 14 + -2 + 1.
24
What is (-12 - (0 + -32 + 4)) + -7 + 3?
12
Evaluate 0 + 59 + 250 + -293.
16
17 - (-23 + 48 + -88)
80
What is the value of (-42 - -31) + 5 + 6 + 26 + -5?
21
What is the value of -11 - 1 - (-12 + (10 - (24 + -16)))?
-2
Calculate -1 + (-14 - (5 + -10) - (43 - 50)).
-3
(-92 - -73) + (39 - -5)
25
(-8 - -11) + (-53 - 46)
-96
Evaluate (-16 + 15 - -15 - (-70 - 4)) + -3 + -8.
77
What is 77 - (-5 + 25) - -6?
63
What is (67 - 45 - 50) + 31?
3
Calculate -42 + 2 + -1 + (10 - 7 - 3).
-41
What is the value of 7 + 7 - (-7 + 1 + 14) - -4?
10
Calculate (-8 - 1) + 8 - (16 - 14 - (-1 - 12)).
-16
What is -43 + (-17 + (-2 - -8) - (-4 + 14 + -11))?
-53
-63390 + 63315 + (1 - (-1 + -32))
-41
What is the value of 11 + (-1368 - -1376) + (-2 - (-28 + -1))?
46
What is the value of -2 + 9 + (-20 - (-10 - 5)) + -5 - 51?
-54
323 - (115 - 78) - 167
119
Calculate 16 - (10 + 1) - -22.
27
4478 - 4475 - (0 + -1 + 0 - -7) - -90
87
(-3 - -22) + -45 + (86 - 54)
6
What is the value of 263 + -266 + 2 + -2 + -4 - (-64 + 1)?
56
Calculate 0 + 3 + (-65 - 7) + (15 - -2).
-52
91 + -87 - (-3 - (3 + -7)) - 65
-62
Evaluate -4 - (57 - 43) - -69.
51
Calculate -1 + 64 - (922 + -905).
46
1 + 69 + -75 - (3 + 14)
-22
What is the value of -616 - -659 - (-3 - -124)?
-78
What is the value of -51 + 55 + 3 + -58?
-51
What is the value of 27 + -79 + 47 - -81?
76
Calculate 79 + (-77 - (-50 - 39)).
91
What is the value of 8 - 22 - (-32 - -44)?
-26
Evaluate 17 - (23 - (-4 - -48) - -73).
-35
Evaluate (-6 - -13 - 28 - -7) + 22 + 2.
10
Evaluate 92 - (2 + 11 + 5 + -535 + 508).
101
Evaluate (320 - 405) + (15 + -2 - -5).
-67
What is the value of 17 - (-87 + 50 - -31)?
23
What is (-20 - 16 - 14) + 8?
-42
Calculate 75 - ((-22 + 40 - 26) + 24).
59
What is (-15 - 53 - -48) + -19 - (1 + -5 + 1)?
-36
What is 2 + (-3 + -61 - (35 - 0 - 16 - 5))?
-76
What is the value of -8 - (-86 + 70 + -4 + -1 + 1)?
12
What is -11 - -3 - 0 - (18 - -15)?
-41
Calculate (9 - (-16 + (21 - -14))) + -47.
-57
Calculate -15 + 59 + (1 + -1 + 6 - (10 - 5)).
45
What is 14 + 5 + 15 + (2 - (-29 - -13))?
52
What is 15 + -14 + -13 + (40 - 6)?
22
0 + (7 - 5) + 45 + (-128 - -31)
-50
What is the value of -51 + 3 + -1 + -7 + 2 + (-51 - -56)?
-49
29 + 58 + -80 - (13 - 0)
-6
What is -65 + -19 + 19 + 96?
31
(2 - (-15 - (-10 + 2))) + 8 - 63
-46
What is the value of -2 + (-45 - -49 - (40 + -